he highest common factor of 380 and 16948?
76
What is the highest common factor of 18 and 52821?
9
Calculate the greatest common divisor of 456 and 696.
24
What is the highest common factor of 60 and 132990?
30
Calculate the greatest common factor of 336 and 59112.
24
Calculate the greatest common divisor of 600 and 158520.
120
What is the greatest common divisor of 208 and 1564160?
208
What is the highest common divisor of 955 and 13360?
5
What is the highest common divisor of 80 and 144440?
40
What is the highest common factor of 7 and 3078?
1
What is the greatest common divisor of 9590 and 308?
14
Calculate the highest common factor of 3107732 and 1388.
1388
What is the highest common divisor of 1530 and 49215?
255
What is the highest common divisor of 6 and 5858?
2
What is the greatest common divisor of 412 and 870041?
103
What is the highest common factor of 711 and 1171491?
237
Calculate the greatest common factor of 875 and 34250.
125
Calculate the highest common factor of 385 and 46830.
35
Calculate the highest common divisor of 318 and 114321.
159
Calculate the highest common factor of 399 and 112803.
57
What is the greatest common factor of 4085 and 2786787?
817
Calculate the highest common divisor of 4598 and 38.
38
What is the highest common divisor of 236670 and 336?
42
What is the greatest common divisor of 289 and 184671?
289
What is the greatest common divisor of 25003 and 319?
11
What is the highest common divisor of 4205 and 3625?
145
Calculate the highest common factor of 8528 and 24.
8
Calculate the highest common divisor of 27872 and 221728.
416
What is the greatest common divisor of 393 and 131000?
131
What is the greatest common factor of 322 and 9352?
14
What is the greatest common divisor of 867 and 1934277?
867
Calculate the highest common divisor of 320 and 90920.
40
Calculate the highest common divisor of 855 and 22835.
5
Calculate the greatest common divisor of 5375 and 27500.
125
What is the greatest common factor of 3651859 and 53?
53
What is the highest common divisor of 2184 and 20982?
78
What is the highest common factor of 76308 and 18?
6
What is the greatest common divisor of 1710 and 60?
30
What is the highest common divisor of 1 and 182356?
1
What is the highest common factor of 68 and 132413?
17
What is the highest common factor of 187 and 130458?
17
What is the highest common divisor of 301 and 5943?
7
What is the highest common factor of 123647 and 1037?
61
Calculate the greatest common divisor of 2632 and 54943.
329
What is the greatest common divisor of 120 and 13665?
15
What is the greatest common divisor of 30 and 23770?
10
Calculate the highest common factor of 12206 and 34.
34
Calculate the greatest common factor of 404 and 55954.
202
What is the greatest common factor of 7013 and 1?
1
Calculate the greatest common factor of 120 and 146400.
120
Calculate the highest common factor of 211560 and 456.
24
Calculate the highest common factor of 6116 and 143.
11
What is the greatest common divisor of 13157 and 1561?
223
Calculate the highest common factor of 700 and 163700.
100
Calculate the highest common divisor of 20247 and 24614.
397
Calculate the greatest common factor of 54346 and 116.
58
What is the highest common factor of 17280 and 120?
120
What is the greatest common divisor of 133 and 12691?
7
What is the highest common divisor of 21 and 226101?
3
What is the highest common divisor of 564 and 21291?
141
What is the highest common factor of 1242 and 4597056?
414
What is the highest common factor of 470 and 21970?
10
Calculate the highest common divisor of 576 and 131472.
144
What is the highest common divisor of 167 and 148296?
167
Calculate the highest common divisor of 314692 and 196.
28
What is the highest common factor of 67962 and 63?
3
What is the highest common divisor of 2897937 and 266?
133
Calculate the highest common factor of 230 and 422234.
46
What is the highest common divisor of 845 and 7735?
65
Calculate the highest common divisor of 123692 and 1904.
68
Calculate the highest common divisor of 6390 and 450.
90
What is the greatest common factor of 3970 and 350?
10
What is the highest common divisor of 34354 and 4094?
178
Calculate the highest common divisor of 1549580 and 80.
20
What is the greatest common factor of 9108 and 671?
11
What is the greatest common factor of 69465 and 2475?
165
What is the highest common divisor of 1285164 and 3915?
261
What is the highest common divisor of 194702 and 268?
134
Calculate the highest common factor of 9432 and 186.
6
Calculate the greatest common factor of 29968 and 16.
16
What is the highest common factor of 1736 and 81046?
14
What is the highest common factor of 140952 and 204?
12
Calculate the greatest common divisor of 5389 and 2853.
317
What is the highest common divisor of 132 and 56309?
11
What is the highest common divisor of 84 and 812100?
12
What is the greatest common factor of 254 and 6997954?
254
Calculate the highest common divisor of 16188 and 456.
228
Calculate the greatest common divisor of 695 and 373076.
139
Calculate the highest common divisor of 94 and 6387112.
94
Calculate the highest common factor of 8579070 and 1038.
1038
What is the highest common factor of 14196 and 77?
7
What is the highest common divisor of 2261770 and 3160?
790
What is the greatest common factor of 12200 and 120?
40
What is the highest common divisor of 1102 and 646?
38
What is the greatest common factor of 19438807 and 1663?
1663
What is the greatest common factor of 30 and 117354?
6
Calculate the greatest common factor of 55052 and 4.
4
Calculate the highest common divisor of 279 and 14601.
93
Calculate the highest common divisor of 2925 and 150228.
117
What is the highest common divisor of 638754 and 1044?
174
Calculate the greatest common divisor of 451 and 6644.
11
What is the greatest common divisor of 2074673 and 566?
283
Calculate the highest common factor of 42 and 12408.
6
Calculate the greatest common factor of 9804 and 903.
129
What is the greatest common factor of 5149 and 1691?
19
Calculate the greatest common factor of 294162 and 55.
11
What is the highest common factor of 55734 and 294?
42
What is the greatest common divisor of 502 and 15562?
502
Calculate the greatest common factor of 7807 and 37.
37
Calculate the highest common factor of 181296 and 432.
144
What is the highest common divisor of 1053 and 15821?
13
Calculate the greatest common divisor of 78 and 912.
6
What is the highest common factor of 217214 and 1072?
134
Calculate the highest common divisor of 833 and 32725.
119
What is the greatest common divisor of 294 and 31199?
7
What is the greatest common factor of 17 and 487?
1
Calculate the highest common factor of 388912 and 8.
8
Calculate the highest common factor of 826 and 12906250.
826
What is the highest common divisor of 74 and 80882?
74
What is the highest common factor of 210 and 330585?
15
What is the greatest common divisor of 3910 and 2162?
46
Calculate the highest common divisor of 9780 and 192.
12
What is the greatest common divisor of 54 and 202374?
18
What is the highest common factor of 64 and 915232?
32
Calculate the greatest common factor of 8856 and 3116.
164
Calculate the highest common divisor of 47579 and 2744.
49
Calculate the greatest common divisor of 2176 and 1037.
17
What is the greatest common divisor of 214 and 665219?
107
Calculate the highest common divisor of 26554 and 1870.
374
Calculate the greatest common divisor of 25 and 11128550.
25
What is the greatest common divisor of 3604 and 7526?
106
What is the greatest common divisor of 11680 and 88?
8
What is the greatest common factor of 1396 and 73?
1
What is the greatest common divisor of 441987 and 7371?
273
Calculate the greatest common divisor of 171 and 40090.
19
What is the greatest common divisor of 17 and 130679?
17
Calculate the highest common divisor of 124404 and 420.
84
Calculate the highest common divisor of 15910 and 18130.
370
Calculate the greatest common factor of 54776 and 246.
82
Calculate the greatest common divisor of 2997 and 8880.
111
What is the greatest common divisor of 1057 and 12907027?
1057
What is the highest common divisor of 1124 and 2989559?
281
What is the greatest common divisor of 350 and 7